s 9088843873 prime?
False
Is 383162173 composite?
False
Is 51298109509 composite?
False
Is 4177973617 a prime number?
True
Is 754224143 prime?
False
Is 11522477143 a prime number?
True
Is 5837506267 composite?
True
Is 9690607501 a composite number?
False
Is 169847792531 a composite number?
True
Is 659172961 a prime number?
False
Is 23367104747 a prime number?
False
Is 8672062963 prime?
True
Is 15831150019 composite?
True
Is 217196038321 a prime number?
False
Is 1447927651 a composite number?
False
Is 16740438931 prime?
True
Is 3948250757 a composite number?
True
Is 1583408537 composite?
True
Is 105672493081 a composite number?
True
Is 4872892049 a prime number?
True
Is 52351723 composite?
True
Is 163776773 a prime number?
False
Is 1530434797 prime?
True
Is 10579270061 composite?
False
Is 7972193083 a composite number?
True
Is 494512783 a prime number?
True
Is 4446725449 a composite number?
False
Is 24115424009 composite?
False
Is 233750207 a composite number?
True
Is 911535049 prime?
True
Is 772370407 composite?
False
Is 85735873 prime?
True
Is 34130549 composite?
False
Is 37550833 a composite number?
True
Is 81712803911 a prime number?
True
Is 71534363983 a prime number?
False
Is 6479846899 prime?
True
Is 11401284507 a composite number?
True
Is 40010498213 prime?
False
Is 82695090431 prime?
True
Is 4444503073 a composite number?
False
Is 18828569255 a composite number?
True
Is 37716327457 a prime number?
False
Is 69822023 prime?
True
Is 347600909 composite?
True
Is 18454841855 a prime number?
False
Is 623429063 a prime number?
False
Is 54754057 prime?
False
Is 309501943 composite?
False
Is 14819138921 composite?
False
Is 1186172827 a composite number?
True
Is 15296353697 prime?
False
Is 8814817391 a prime number?
True
Is 1525241063 prime?
True
Is 1823927369 a composite number?
True
Is 233137393 composite?
False
Is 48799010147 a composite number?
False
Is 30718168177 prime?
True
Is 776612299 prime?
True
Is 290040341 prime?
True
Is 46220815559 prime?
True
Is 105347471 a prime number?
False
Is 7847631563 prime?
True
Is 2564148487 a composite number?
True
Is 12651710431 composite?
False
Is 66909643 a prime number?
False
Is 557296829 a prime number?
True
Is 1449446631 composite?
True
Is 3912319 a prime number?
True
Is 9869982371 a composite number?
False
Is 449514281 a composite number?
False
Is 76885451 composite?
True
Is 3364123871 prime?
True
Is 3822243223 a composite number?
False
Is 6080490373 composite?
False
Is 4415143727 a composite number?
False
Is 297196259 composite?
False
Is 1924312987 composite?
False
Is 31650575431 composite?
False
Is 91852757 a prime number?
True
Is 372185881 a composite number?
True
Is 43108172131 prime?
False
Is 7148171903 a composite number?
False
Is 650755687 prime?
False
Is 4569249527 a prime number?
True
Is 5955932231 a composite number?
False
Is 3480455779 a prime number?
True
Is 82173868277 prime?
True
Is 835234507 composite?
False
Is 4283006887 a prime number?
False
Is 3630512917 composite?
True
Is 956232743 a composite number?
False
Is 1587997597 a prime number?
False
Is 12100439423 a composite number?
True
Is 13357455721 composite?
False
Is 4410819671 a prime number?
True
Is 1137545249 a composite number?
False
Is 13796344889 composite?
False
Is 1025818813 a prime number?
True
Is 151971829007 a composite number?
False
Is 10685080897 a prime number?
False
Is 6574983913 prime?
False
Is 1409439917 a prime number?
True
Is 2049541973 a prime number?
True
Is 4961365723 prime?
False
Is 45714126877 prime?
False
Is 638553427 prime?
True
Is 446294689 prime?
True
Is 8150326229 composite?
False
Is 28633237 prime?
False
Is 3302237201 composite?
False
Is 2296791619 prime?
False
Is 416399701 a prime number?
True
Is 593671 a prime number?
False
Is 298939229 prime?
False
Is 16586189149 composite?
False
Is 4121701763 prime?
False
Is 52114408589 composite?
True
Is 557813929 a prime number?
True
Is 42096397493 a composite number?
True
Is 1863413023 composite?
False
Is 1471541627 a composite number?
False
Is 9509565083 a composite number?
False
Is 12641847 a composite number?
True
Is 10965739053 prime?
False
Is 36519072119 prime?
True
Is 17777817901 a composite number?
False
Is 3345053329 a prime number?
False
Is 4637746363 prime?
False
Is 3909264122 a composite number?
True
Is 58969632133 composite?
True
Is 4078914839 prime?
False
Is 206227921 a prime number?
True
Is 29688261787 a prime number?
True
Is 20662150367 prime?
False
Is 4068565169 composite?
False
Is 1015203778 composite?
True
Is 1949932599 a prime number?
False
Is 1982143279 a prime number?
True
Is 31861591 a prime number?
False
Is 1598430299 a composite number?
True
Is 419895241 a composite number?
False
Is 251050309 composite?
True
Is 13614851134 a prime number?
False
Is 190593197 prime?
True
Is 4885097379 a prime number?
False
Is 260132713 composite?
False
Is 27170018971 a prime number?
True
Is 855442531 a prime number?
True
Is 23966132107 a composite number?
False
Is 5621413717 a prime number?
False
Is 60006467 composite?
False
Is 155898643 a prime number?
True
Is 118566157 prime?
True
Is 6342007831 a prime number?
False
Is 229927219 prime?
True
Is 17851385443 a prime number?
False
Is 2326854697 prime?
False
Is 73491369173 a prime number?
True
Is 3123275159 prime?
True
Is 158322448463 a composite number?
False
Is 294451589 composite?
True
Is 42050676403 a composite number?
False
Is 493031321 a prime number?
True
Is 15409438487 prime?
True
Is 167172422233 composite?
False
Is 502878927 a prime number?
False
Is 270261443 a composite number?
False
Is 702351149 prime?
True
Is 7752459563 prime?
False
Is 1775032907 composite?
False
Is 1521950473 composite?
True
Is 4859003837 a composite number?
False
Is 705329101 composite?
False
Is 66071921 a composite number?
False
Is 3067571371 a composite number?
True
Is 2263922153 a composite number?
True
Is 120130323877 composite?
False
Is 1830142703 prime?
False
Is 1149665201 composite?
False
Is 185689366 prime?
False
Is 172293671 composite?
True
Is 698394769 composite?
True
Is 3485860691 composite?
False
Is 2722075777 a composite number?
False
Is 4529297389 a prime number?
True
Is 19805216293 a composite number?
True
Is 11643162721 prime?
True
Is 307138237 composite?
True
Is 625302343 a prime number?
True
Is 760904051 composite?
False
Is 80424986423 composite?
False
Is 3081825923 a composite number?
True
Is 35590725403 a prime number?
False
Is 7241294701 a composite number?
False
Is 878808891 composite?
True
Is 93321665477 prime?
True
Is 6836937269 a composite number?
True
Is 520520489 composite?
True
Is 9907020551 a prime number?
True
Is 12277435453 prime?
True
Is 13531132651 a composite number?
True
Is 3620878673 composite?
False
Is 163527594101 composite?
True
Is 92161297 composite?
False
Is 1595927 prime?
True
Is 309786721 a prime number?
False
Is 133143004747 composite?
True
Is 7165028359 prime?
True
Is 29057097569 composite?
False
Is 52332361 a composite number?
False
Is 3039718901 composite?
False
Is 4066611427 composite?
False
Is 31620556129 composite?
True
Is 318168211 a composite number?
False
Is 482781413 composite?
True
Is 1795467133 prime?
False
Is 54496462291 prime?
True
Is 3381983373 prime?
False
Is 590889809 a composite number?
False
Is 20523783587 composite?
False
Is 967752257 prime?
True
Is 41798303837 a composite number?
False
Is 113389219 composite?
False
Is 193999981421 composite?
True
Is 1582598803 prime?
True
Is 384611281349 a composite number?
False
Is 6348556259 prime?
False
Is 34526887 composite?
True
Is 29973353791 prime?
False
Is 95554994285 prime?
False
Is 422473699 composite?
False
Is 45389222 prime?
False
Is 6504760921 prime?
False
Is 22824334553 a prime number?
True
Is 29255536649 composite?
False
Is 2106608611 a composite number?
True
Is 1978270829 prime?
True
Is 8839069 a prime number?
True
Is 10269403799 composite?
False
Is 17745216689 a composite number?
True
Is 2055808819 a prime number?
True
Is 43030827569 a composite number?
True
Is 63790667783 composite?
False
Is 2210963411 composite?
False
Is 2548445293 a composite number?
False
Is 3317077399 composite?
True
Is 428136733 a composite number?
False
Is 5389503797 composite?
True
Is 27168278453 a prime number?
True
Is 55798373 a prime